{"id":2,"date":"2007-03-14T14:12:25","date_gmt":"2007-03-14T13:12:25","guid":{"rendered":""},"modified":"2018-05-16T16:06:20","modified_gmt":"2018-05-16T14:06:20","slug":"ueber","status":"publish","type":"page","link":"https:\/\/www.n-town.de\/glubbblog\/index.php\/ueber","title":{"rendered":"Impressum"},"content":{"rendered":"<p class=\"entrytext\">\u201cGlubb-Blog&#8221; (www.n-town.de oder www.glubb-blog.de) ist eine private Seite \u00fcber den 1.FC N\u00fcrnberg, \u00fcber Ausw\u00e4rtsfahrten zu den Spielen des Glubbs und \u00fcber Groundhopping-Reisen durch Europa. Die dargestellten Bilder sind von uns selbst auf unseren Reisen aufgenommen. Bei Bildern auf denen Personen zu sehen sind, wird darauf geachtet, dass diese in keiner rufsch\u00e4digenden Weise dargestellt sind und die Sittlichkeit gewahrt wird. Auch wurde ein Einverst\u00e4ndnis der Personen m\u00fcndlich eingeholt.<\/p>\n<p><strong>Verfasser dieser Internetseiten ist<\/strong><\/p>\n<p class=\"entrytext\">Andreas Brandl (<a href=\"https:\/\/www.n-town.de\/glubbblog\/index.php\/archives\/glubbfans\/1703-25-jahre-clubfan-ein-vierteljahrhundert-zwischen-anbetung-aberglaube-und-albtraum.html\" target=\"_blank\">Bomber Manolo<\/a>)<br \/>\nBirkenstrasse 29<br \/>\n91207 Lauf a.d.Pegnitz<br \/>\nandy(a)n-town.de<br \/>\nTel: 09123\/998877<\/p>\n<p class=\"entrytext\">Verantwortlich f\u00fcr den Inhalt ist der Verfasser (Autor, &#8220;geschrieben von&#8221;) des jeweiligen Beitrags (<a href=\"http:\/\/n-town.de\/glubbblog\/index.php\/archives\/author\/admin\/\" target=\"_blank\">Bomber Manolo<\/a>, <a href=\"http:\/\/n-town.de\/glubbblog\/index.php\/archives\/author\/fahnenmeier\/\" target=\"_blank\">Fahnenmeier<\/a>, <a href=\"http:\/\/n-town.de\/glubbblog\/index.php\/archives\/author\/muffi8\" target=\"_blank\">Muffi8<\/a> und Gastautoren).<\/p>\n<p class=\"entrytext\"><strong>Haftungsausschluss:<\/strong><\/p>\n<p><strong>1. Inhalt und Service des Onlineangebotes<\/strong><\/p>\n<p>Wir unternehmen alle zumutbaren Anstrengungen, um die Zuverl\u00e4ssigkeit der pr\u00e4sentierten Informationen zu gew\u00e4hrleisten. F\u00fcr Korrektheit, Zuverl\u00e4ssigkeit oder Vollst\u00e4ndigkeit der auf dem Webauftritt enthaltenen Informationen wird jedoch keine Gew\u00e4hr geleistet. Haftungsanspr\u00fcche gegen uns, die sich auf Sch\u00e4den materieller oder ideeller Art beziehen, welche durch die Nutzung oder Nichtnutzung der dargebotenen Informationen bzw. Services verursacht wurden, sind ausgeschlossen. Das gilt auch f\u00fcr Folgesch\u00e4den, die aufgrund der Inanspruchnahme der Services oder ihrer Nichtverf\u00fcgbarkeit entstehen k\u00f6nnen.<br \/>\nAlle Angebote sind freibleibend und unverbindlich. Wir behalten uns ausdr\u00fccklich vor, Teile der Seiten oder das gesamte Angebot ohne gesonderte Ank\u00fcndigung zu ver\u00e4ndern, zu erg\u00e4nzen, zu l\u00f6schen oder die Ver\u00f6ffentlichung zeitweise oder endg\u00fcltig einzustellen.<\/p>\n<p><strong>2. Verweise und Links<\/strong><\/p>\n<p>Wir \u00fcbernehmen keinerlei Haftung f\u00fcr den Inhalt der \u00fcber die Links zug\u00e4nglichen Sites; deren Kontrolle ist nicht m\u00f6glich. Ein Link zu einer fremden Site bedeutet weder, dass wir mit dem Inhalt dieser Seite in allen Teilen einverstanden sind, noch dass wir ihn billigen oder akzeptieren. Die Aufnahme von Links in unserer Site beinhaltet keine spezifische Empfehlung.<br \/>\nInsbesondere liegt es in der Eigenverantwortung eines jeden, sich vor m\u00f6glichen Viren und anderen m\u00f6glicherweise sch\u00e4dlichen Einfl\u00fcssen auf sein System und seine Daten durch geeignete Ma\u00dfnahmen zu sch\u00fctzen.<\/p>\n<p><strong>3. Urheberrecht und Recht am eigenen Bild<\/strong><\/p>\n<p>Wir sind bestrebt, in allen Publikationen die Urheberrechte der verwendeten Grafiken, Tondokumente, Videosequenzen und Texte zu beachten, selbst erstellte Grafiken, Tondokumente, Videosequenzen und Texte zu nutzen oder auf lizenzfreie Grafiken, Tondokumente und Texte zur\u00fcckzugreifen. Sollte sich auf den jeweiligen Seiten dennoch eine durch Copyright gesch\u00fctzte Grafik, ein Tondokument oder Text befinden, so konnte das Copyright von uns nicht festgestellt werden. Im Falle einer solchen unbeabsichtigten Copyrightverletzung werden wir das entsprechende Objekt nach Benachrichtigung aus unserer Publikation entfernen bzw. mit dem entsprechenden Copyright kenntlich machen.<br \/>\nDas Copyright f\u00fcr ver\u00f6ffentlichte, von uns selbst erstellte Objekte bleibt allein bei uns. Eine Vervielf\u00e4ltigung oder Verwendung solcher Grafiken, Tondokumente, Videosequenzen und Texte in anderen elektronischen oder gedruckten Publikationen ist ohne ausdr\u00fcckliche Zustimmung nicht gestattet.<\/p>\n<p><strong>4. Rechtswirksamkeit dieses Haftungsausschlusses<\/strong><\/p>\n<p>Dieser Haftungsausschluss ist als Teil des Internetangebotes zu betrachten, von dem aus auf diese Seite verwiesen wurde. Sofern Teile oder einzelne Formulierungen dieses Textes der geltenden Rechtslage nicht, nicht mehr oder nicht vollst\u00e4ndig entsprechen sollten, bleiben die \u00fcbrigen Teile des Dokumentes in ihrem Inhalt und ihrer G\u00fcltigkeit davon unber\u00fchrt. Anstelle der unwirksamen Bestimmung tritt dann eine angemessene Regelung, die, soweit rechtlich m\u00f6glich, dem am n\u00e4chsten kommt.<br \/>\nAlle Rechte, die hier nicht ausdr\u00fccklich gew\u00e4hrt werden, sind vorbehalten.<\/p>\n<p><strong>5. Datenschutzerkl\u00e4rung<\/strong><\/p>\n<p>Auf dieser Seite wird Werbung durch <strong>Google Adsense<\/strong> angezeigt. Deshalb kann es sein, dass Ihr Browser ein von Google Inc. oder Dritten gesendetes <strong>Cookie <\/strong>tempor\u00e4r abspeichert. Dieses Cookie kann durch Google Inc. oder Dritten ausgelesen werden. Um dieses Cookie zu l\u00f6schen oder die <strong>Cookiebehandlung <\/strong>generell zu ver\u00e4ndern, konsultieren Sie bitte die Hilfe Ihres Browsers. In der Regel finden sich diese Einstellungen bei Firefox unter Extras -&gt; <strong>Einstellungen Datenschutz<\/strong> oder bei Internet Explorer unter Extras -&gt; Internetoptionen -&gt; <strong>Datenschutz<\/strong>.<\/p>\n<p><strong>6. Disclaimer zu Facebook Plugins<\/strong><\/p>\n<p>Verwendung von Facebook-Plugins Auf diesen Internetseiten werden Plugins des sozialen Netzwerkes facebook.com verwendet, das von der Facebook Inc., 1601 S. California Ave, Palo Alto, CA 94304, USA betrieben wird (&#8220;Facebook&#8221;). Wenn Sie mit einen solchen Plugin versehene Internetseiten unserer Internetpr\u00e4senz aufrufen, wird eine Verbindung zu den Facebook-Servern hergestellt und dabei das Plugin durch Mitteilung an Ihren Browser auf der Internetseite dargestellt. Hierdurch wird an den Facebook-Server \u00fcbermittelt, welche unserer Internetseiten Sie besucht haben. Sind Sie dabei als Mitglied bei Facebook eingeloggt, ordnet Facebook diese Information Ihrem pers\u00f6nlichen Facebook-Benutzerkonto zu. Bei der Nutzung der Plugin-Funktionen (z.B. Anklicken des \u201eGef\u00e4llt mir\u201c-Buttons, Abgabe eines Kommentars) werden auch diese Informationen Ihrem Facebook-Konto zugeordnet, was Sie nur durch Ausloggen vor Nutzung des Plugins verhindern k\u00f6nnen. N\u00e4here Informationen zur Erhebung und Nutzung der Daten durch Facebook, \u00fcber Ihre diesbez\u00fcglichen Rechte und M\u00f6glichkeiten zum Schutz Ihrer Privatsph\u00e4re finden Sie in den Datenschutzhinweisen von Facebook.<\/p>\n","protected":false},"excerpt":{"rendered":"<p>\u201cGlubb-Blog&#8221; (www.n-town.de oder www.glubb-blog.de) ist eine private Seite \u00fcber den 1.FC N\u00fcrnberg, \u00fcber Ausw\u00e4rtsfahrten zu den Spielen des Glubbs und \u00fcber Groundhopping-Reisen durch Europa. Die dargestellten Bilder sind von uns selbst auf unseren Reisen aufgenommen. Bei Bildern auf denen Personen zu sehen sind, wird darauf geachtet, dass diese in keiner rufsch\u00e4digenden Weise dargestellt sind und [&hellip;]<\/p>\n","protected":false},"author":4,"featured_media":0,"parent":0,"menu_order":2,"comment_status":"open","ping_status":"closed","template":"","meta":{"spay_email":""},"yoast_head":"<!-- This site is optimized with the Yoast SEO plugin v18.3 - https:\/\/yoast.com\/wordpress\/plugins\/seo\/ -->\n<title>Impressum - Glubb-Blog<\/title>\n<meta name=\"robots\" content=\"index, follow, max-snippet:-1, max-image-preview:large, max-video-preview:-1\" \/>\n<link rel=\"canonical\" href=\"https:\/\/www.n-town.de\/glubbblog\/index.php\/ueber\" \/>\n<meta property=\"og:locale\" content=\"de_DE\" \/>\n<meta property=\"og:type\" content=\"article\" \/>\n<meta property=\"og:title\" content=\"Impressum - Glubb-Blog\" \/>\n<meta property=\"og:description\" content=\"\u201cGlubb-Blog&#8221; (www.n-town.de oder www.glubb-blog.de) ist eine private Seite \u00fcber den 1.FC N\u00fcrnberg, \u00fcber Ausw\u00e4rtsfahrten zu den Spielen des Glubbs und \u00fcber Groundhopping-Reisen durch Europa. Die dargestellten Bilder sind von uns selbst auf unseren Reisen aufgenommen. Bei Bildern auf denen Personen zu sehen sind, wird darauf geachtet, dass diese in keiner rufsch\u00e4digenden Weise dargestellt sind und [&hellip;]\" \/>\n<meta property=\"og:url\" content=\"https:\/\/www.n-town.de\/glubbblog\/index.php\/ueber\" \/>\n<meta property=\"og:site_name\" content=\"Glubb-Blog\" \/>\n<meta property=\"article:publisher\" content=\"https:\/\/www.facebook.com\/glubbblog\" \/>\n<meta property=\"article:modified_time\" content=\"2018-05-16T14:06:20+00:00\" \/>\n<meta property=\"og:image\" content=\"https:\/\/www.n-town.de\/glubbblog\/wp-content\/uploads\/2020\/06\/img_8003-1.jpg\" \/>\n\t<meta property=\"og:image:width\" content=\"500\" \/>\n\t<meta property=\"og:image:height\" content=\"375\" \/>\n\t<meta property=\"og:image:type\" content=\"image\/jpeg\" \/>\n<meta name=\"twitter:card\" content=\"summary\" \/>\n<meta name=\"twitter:site\" content=\"@glubb_blog_de\" \/>\n<meta name=\"twitter:label1\" content=\"Gesch\u00e4tzte Lesezeit\" \/>\n\t<meta name=\"twitter:data1\" content=\"4\u00a0Minuten\" \/>\n<script type=\"application\/ld+json\" class=\"yoast-schema-graph\">{\"@context\":\"https:\/\/schema.org\",\"@graph\":[{\"@type\":\"WebSite\",\"@id\":\"https:\/\/www.n-town.de\/glubbblog\/#website\",\"url\":\"https:\/\/www.n-town.de\/glubbblog\/\",\"name\":\"Glubb-Blog\",\"description\":\"Clubfans bei FCN-Ausw\u00e4rtsfahrten und Groundhopping\",\"potentialAction\":[{\"@type\":\"SearchAction\",\"target\":{\"@type\":\"EntryPoint\",\"urlTemplate\":\"https:\/\/www.n-town.de\/glubbblog\/?s={search_term_string}\"},\"query-input\":\"required name=search_term_string\"}],\"inLanguage\":\"de\"},{\"@type\":\"WebPage\",\"@id\":\"https:\/\/www.n-town.de\/glubbblog\/index.php\/ueber#webpage\",\"url\":\"https:\/\/www.n-town.de\/glubbblog\/index.php\/ueber\",\"name\":\"Impressum - Glubb-Blog\",\"isPartOf\":{\"@id\":\"https:\/\/www.n-town.de\/glubbblog\/#website\"},\"datePublished\":\"2007-03-14T13:12:25+00:00\",\"dateModified\":\"2018-05-16T14:06:20+00:00\",\"breadcrumb\":{\"@id\":\"https:\/\/www.n-town.de\/glubbblog\/index.php\/ueber#breadcrumb\"},\"inLanguage\":\"de\",\"potentialAction\":[{\"@type\":\"ReadAction\",\"target\":[\"https:\/\/www.n-town.de\/glubbblog\/index.php\/ueber\"]}]},{\"@type\":\"BreadcrumbList\",\"@id\":\"https:\/\/www.n-town.de\/glubbblog\/index.php\/ueber#breadcrumb\",\"itemListElement\":[{\"@type\":\"ListItem\",\"position\":1,\"name\":\"Home\",\"item\":\"https:\/\/www.n-town.de\/glubbblog\"},{\"@type\":\"ListItem\",\"position\":2,\"name\":\"Impressum\"}]}]}<\/script>\n<!-- \/ Yoast SEO plugin. -->","yoast_head_json":{"title":"Impressum - Glubb-Blog","robots":{"index":"index","follow":"follow","max-snippet":"max-snippet:-1","max-image-preview":"max-image-preview:large","max-video-preview":"max-video-preview:-1"},"canonical":"https:\/\/www.n-town.de\/glubbblog\/index.php\/ueber","og_locale":"de_DE","og_type":"article","og_title":"Impressum - Glubb-Blog","og_description":"\u201cGlubb-Blog&#8221; (www.n-town.de oder www.glubb-blog.de) ist eine private Seite \u00fcber den 1.FC N\u00fcrnberg, \u00fcber Ausw\u00e4rtsfahrten zu den Spielen des Glubbs und \u00fcber Groundhopping-Reisen durch Europa. Die dargestellten Bilder sind von uns selbst auf unseren Reisen aufgenommen. Bei Bildern auf denen Personen zu sehen sind, wird darauf geachtet, dass diese in keiner rufsch\u00e4digenden Weise dargestellt sind und [&hellip;]","og_url":"https:\/\/www.n-town.de\/glubbblog\/index.php\/ueber","og_site_name":"Glubb-Blog","article_publisher":"https:\/\/www.facebook.com\/glubbblog","article_modified_time":"2018-05-16T14:06:20+00:00","og_image":[{"width":500,"height":375,"url":"https:\/\/www.n-town.de\/glubbblog\/wp-content\/uploads\/2020\/06\/img_8003-1.jpg","type":"image\/jpeg"}],"twitter_card":"summary","twitter_site":"@glubb_blog_de","twitter_misc":{"Gesch\u00e4tzte Lesezeit":"4\u00a0Minuten"},"schema":{"@context":"https:\/\/schema.org","@graph":[{"@type":"WebSite","@id":"https:\/\/www.n-town.de\/glubbblog\/#website","url":"https:\/\/www.n-town.de\/glubbblog\/","name":"Glubb-Blog","description":"Clubfans bei FCN-Ausw\u00e4rtsfahrten und Groundhopping","potentialAction":[{"@type":"SearchAction","target":{"@type":"EntryPoint","urlTemplate":"https:\/\/www.n-town.de\/glubbblog\/?s={search_term_string}"},"query-input":"required name=search_term_string"}],"inLanguage":"de"},{"@type":"WebPage","@id":"https:\/\/www.n-town.de\/glubbblog\/index.php\/ueber#webpage","url":"https:\/\/www.n-town.de\/glubbblog\/index.php\/ueber","name":"Impressum - Glubb-Blog","isPartOf":{"@id":"https:\/\/www.n-town.de\/glubbblog\/#website"},"datePublished":"2007-03-14T13:12:25+00:00","dateModified":"2018-05-16T14:06:20+00:00","breadcrumb":{"@id":"https:\/\/www.n-town.de\/glubbblog\/index.php\/ueber#breadcrumb"},"inLanguage":"de","potentialAction":[{"@type":"ReadAction","target":["https:\/\/www.n-town.de\/glubbblog\/index.php\/ueber"]}]},{"@type":"BreadcrumbList","@id":"https:\/\/www.n-town.de\/glubbblog\/index.php\/ueber#breadcrumb","itemListElement":[{"@type":"ListItem","position":1,"name":"Home","item":"https:\/\/www.n-town.de\/glubbblog"},{"@type":"ListItem","position":2,"name":"Impressum"}]}]}},"_links":{"self":[{"href":"https:\/\/www.n-town.de\/glubbblog\/index.php\/wp-json\/wp\/v2\/pages\/2"}],"collection":[{"href":"https:\/\/www.n-town.de\/glubbblog\/index.php\/wp-json\/wp\/v2\/pages"}],"about":[{"href":"https:\/\/www.n-town.de\/glubbblog\/index.php\/wp-json\/wp\/v2\/types\/page"}],"author":[{"embeddable":true,"href":"https:\/\/www.n-town.de\/glubbblog\/index.php\/wp-json\/wp\/v2\/users\/4"}],"replies":[{"embeddable":true,"href":"https:\/\/www.n-town.de\/glubbblog\/index.php\/wp-json\/wp\/v2\/comments?post=2"}],"version-history":[{"count":6,"href":"https:\/\/www.n-town.de\/glubbblog\/index.php\/wp-json\/wp\/v2\/pages\/2\/revisions"}],"predecessor-version":[{"id":2605,"href":"https:\/\/www.n-town.de\/glubbblog\/index.php\/wp-json\/wp\/v2\/pages\/2\/revisions\/2605"}],"wp:attachment":[{"href":"https:\/\/www.n-town.de\/glubbblog\/index.php\/wp-json\/wp\/v2\/media?parent=2"}],"curies":[{"name":"wp","href":"https:\/\/api.w.org\/{rel}","templated":true}]}}