{"id":4,"date":"2007-03-15T12:55:48","date_gmt":"2007-03-15T11:55:48","guid":{"rendered":"http:\/\/n-town.de\/glubbblog\/index.php\/wm2006-in-nuernberg\/"},"modified":"2018-05-16T16:06:28","modified_gmt":"2018-05-16T14:06:28","slug":"wm2006-in-nuernberg","status":"publish","type":"page","link":"https:\/\/www.n-town.de\/glubbblog\/index.php\/wm2006-in-nuernberg","title":{"rendered":"WM2006 in N\u00fcrnberg"},"content":{"rendered":"<p><strong>Die Welt zu Gast in N\u00fcrnberg!<\/strong><\/p>\n<p><img title=\"WM-Spielort Frankenstadion N\u00fcrnberg\" src=\"https:\/\/www.n-town.de\/Frankenstadion.jpg\" alt=\"WM-Spielort Frankenstadion N\u00fcrnberg\" align=\"middle\" \/><\/p>\n<p>WM-Spielort 2006 in N\u00fcrnberg: Das Frankenstadion<br \/>\n(von Bastian Nowotny <a title=\"Rundfl\u00fcge \u00fcber Fanken\" href=\"http:\/\/www.euroheli.de\" target=\"_blank\">www.euroheli.de<\/a>)<\/p>\n<p><strong><a title=\"Die Schlacht von N\u00fcrnberg in N\u00fcrnberg WM2006\" href=\"https:\/\/www.n-town.de\/WM2006\/html\/WM2006_Oranje_Portugal.html\" target=\"_blank\">25.06.06 by Simone Bauer<br \/>\nHolland &#8211; Portugal<\/a><\/strong><\/p>\n<p><strong><a title=\"Die Schlacht von N\u00fcrnberg in N\u00fcrnberg WM2006\" href=\"https:\/\/www.n-town.de\/WM2006\/html\/WM2006_Holland_Portugal.html\" target=\"_blank\">25.06.06 by Andy Brandl<br \/>\nHolland &#8211; Portugal<\/a><\/strong><\/p>\n<p><strong><a title=\"Deutschland - Schweden in N\u00fcrnberg WM2006\" href=\"https:\/\/www.n-town.de\/WM2006\/html\/WM2006_Hauptmarkt_Schweden.html\" target=\"_blank\">24.06.06 by Simone Bauer<br \/>\nDeutschland &#8211; Schweden<\/a><\/strong><\/p>\n<p><strong><a title=\"Deutschland - Schweden in N\u00fcrnberg WM2006\" href=\"https:\/\/www.n-town.de\/WM2006\/html\/WM2006_Deutschland_Schweden.html\" target=\"_blank\">24.06.06 by Andy Brandl<br \/>\nDeutschland &#8211; Schweden<\/a><\/strong><\/p>\n<p><strong><a title=\"Amerika - Ghana im Frankenstadion N\u00fcrnberg in N\u00fcrnberg WM2006\" href=\"https:\/\/www.n-town.de\/WM2006\/html\/WM2006_Ghana_USA.html\" target=\"_blank\">22.06.06 by Andy Brandl<br \/>\nGhana &#8211; USA<br \/>\nLive im Frankenstadion<\/a><\/strong><\/p>\n<p><strong><a title=\"Ghana - USA in N\u00fcrnberg WM2006\" href=\"https:\/\/www.n-town.de\/WM2006\/html\/WM2006_Ghana_USA_simi.html\" target=\"_blank\">22.06.06 by Simone Bauer<br \/>\nGhana &#8211; USA<\/a><\/strong><\/p>\n<p><strong><a title=\"Deutschland - Ecuador in N\u00fcrnberg WM2006\" href=\"https:\/\/www.n-town.de\/WM2006\/html\/WM2006_Deutschland_Ecuador.html\" target=\"_blank\">20.06.06 by Simi + Andy<br \/>\nDeutschland &#8211; Ecuador<\/a><\/strong><\/p>\n<p><strong><a title=\"Japan - Kroatien in N\u00fcrnberg WM2006\" href=\"https:\/\/www.n-town.de\/WM2006\/html\/WM2006_Japan_Kroatien.html\" target=\"_blank\">18.06.06 by Sven P\u00f6tzl<br \/>\nJapan &#8211; Kroatien<br \/>\nLive im Frankenstadion<\/a><\/strong><\/p>\n<p><strong><a title=\"Japan - Kroatien in N\u00fcrnberg WM2006\" href=\"https:\/\/www.n-town.de\/WM2006\/html\/WM2006_Japan_Kroatien_simi.html\" target=\"_blank\">18.06.06 by Simone Bauer<br \/>\nJapan &#8211; Kroatien<\/a><\/strong><\/p>\n<p><strong><a title=\"England - Trinidat in N\u00fcrnberg WM2006\" href=\"https:\/\/www.n-town.de\/WM2006\/html\/WM2006_nuernberg_simi3.html\" target=\"_blank\">15.06.06 by Simone Bauer<br \/>\nEngland &#8211; Trinidad<br \/>\n<\/a><br \/>\n<a title=\"Mexico - Iran in N\u00fcrnberg WM2006\" href=\"https:\/\/www.n-town.de\/WM2006\/html\/WM2006_nuernberg_simi1.html\" target=\"_blank\">11.06.06 by Simone Bauer<br \/>\nMexico &#8211; Iran<\/a><\/p>\n<p><a title=\"England Kroatien Japan in N\u00fcrnberg WM2006\" href=\"https:\/\/www.n-town.de\/WM2006\/html\/WM2006_nuernberg_1506.html\" target=\"_blank\">15.06.06 by Andy Brandl<br \/>\nEngland, Kroatien, Japan<\/a><\/strong><\/p>\n<p><strong><a title=\"Italia, Mexico, Brasil in N\u00fcrnberg WM2006\" href=\"https:\/\/www.n-town.de\/WM2006\/html\/WM2006_nuernberg_1006.html\" target=\"_blank\">10.06.06 by Andy Brandl<br \/>\nItalia, Mexico, Brasil<br \/>\n<\/a><br \/>\n<a title=\"Deutschland - Costa Rica Mexico - Iran in N\u00fcrnberg WM2006\" href=\"https:\/\/www.n-town.de\/WM2006\/html\/WM2006_nuernberg_1306.html\" target=\"_blank\">9. &#8211; 13.06.06 by Andy Brandl<br \/>\nBRD, Mexico, Iran<\/a><\/strong><\/p>\n","protected":false},"excerpt":{"rendered":"<p>Die Welt zu Gast in N\u00fcrnberg! WM-Spielort 2006 in N\u00fcrnberg: Das Frankenstadion (von Bastian Nowotny www.euroheli.de) 25.06.06 by Simone Bauer Holland &#8211; Portugal 25.06.06 by Andy Brandl Holland &#8211; Portugal 24.06.06 by Simone Bauer Deutschland &#8211; Schweden 24.06.06 by Andy Brandl Deutschland &#8211; Schweden 22.06.06 by Andy Brandl Ghana &#8211; USA Live im Frankenstadion 22.06.06 [&hellip;]<\/p>\n","protected":false},"author":4,"featured_media":0,"parent":0,"menu_order":4,"comment_status":"open","ping_status":"closed","template":"","meta":{"spay_email":""},"yoast_head":"<!-- This site is optimized with the Yoast SEO plugin v18.3 - https:\/\/yoast.com\/wordpress\/plugins\/seo\/ -->\n<title>WM2006 in N\u00fcrnberg - Glubb-Blog<\/title>\n<meta name=\"robots\" content=\"index, follow, max-snippet:-1, max-image-preview:large, max-video-preview:-1\" \/>\n<link rel=\"canonical\" href=\"https:\/\/www.n-town.de\/glubbblog\/index.php\/wm2006-in-nuernberg\" \/>\n<meta property=\"og:locale\" content=\"de_DE\" \/>\n<meta property=\"og:type\" content=\"article\" \/>\n<meta property=\"og:title\" content=\"WM2006 in N\u00fcrnberg - Glubb-Blog\" \/>\n<meta property=\"og:description\" content=\"Die Welt zu Gast in N\u00fcrnberg! WM-Spielort 2006 in N\u00fcrnberg: Das Frankenstadion (von Bastian Nowotny www.euroheli.de) 25.06.06 by Simone Bauer Holland &#8211; Portugal 25.06.06 by Andy Brandl Holland &#8211; Portugal 24.06.06 by Simone Bauer Deutschland &#8211; Schweden 24.06.06 by Andy Brandl Deutschland &#8211; Schweden 22.06.06 by Andy Brandl Ghana &#8211; USA Live im Frankenstadion 22.06.06 [&hellip;]\" \/>\n<meta property=\"og:url\" content=\"https:\/\/www.n-town.de\/glubbblog\/index.php\/wm2006-in-nuernberg\" \/>\n<meta property=\"og:site_name\" content=\"Glubb-Blog\" \/>\n<meta property=\"article:publisher\" content=\"https:\/\/www.facebook.com\/glubbblog\" \/>\n<meta property=\"article:modified_time\" content=\"2018-05-16T14:06:28+00:00\" \/>\n<meta property=\"og:image\" content=\"https:\/\/www.n-town.de\/Frankenstadion.jpg\" \/>\n<meta name=\"twitter:card\" content=\"summary\" \/>\n<meta name=\"twitter:site\" content=\"@glubb_blog_de\" \/>\n<meta name=\"twitter:label1\" content=\"Gesch\u00e4tzte Lesezeit\" \/>\n\t<meta name=\"twitter:data1\" content=\"1\u00a0Minute\" \/>\n<script type=\"application\/ld+json\" class=\"yoast-schema-graph\">{\"@context\":\"https:\/\/schema.org\",\"@graph\":[{\"@type\":\"WebSite\",\"@id\":\"https:\/\/www.n-town.de\/glubbblog\/#website\",\"url\":\"https:\/\/www.n-town.de\/glubbblog\/\",\"name\":\"Glubb-Blog\",\"description\":\"Clubfans bei FCN-Ausw\u00e4rtsfahrten und Groundhopping\",\"potentialAction\":[{\"@type\":\"SearchAction\",\"target\":{\"@type\":\"EntryPoint\",\"urlTemplate\":\"https:\/\/www.n-town.de\/glubbblog\/?s={search_term_string}\"},\"query-input\":\"required name=search_term_string\"}],\"inLanguage\":\"de\"},{\"@type\":\"ImageObject\",\"@id\":\"https:\/\/www.n-town.de\/glubbblog\/index.php\/wm2006-in-nuernberg#primaryimage\",\"inLanguage\":\"de\",\"url\":\"https:\/\/www.n-town.de\/Frankenstadion.jpg\",\"contentUrl\":\"https:\/\/www.n-town.de\/Frankenstadion.jpg\"},{\"@type\":\"WebPage\",\"@id\":\"https:\/\/www.n-town.de\/glubbblog\/index.php\/wm2006-in-nuernberg#webpage\",\"url\":\"https:\/\/www.n-town.de\/glubbblog\/index.php\/wm2006-in-nuernberg\",\"name\":\"WM2006 in N\u00fcrnberg - Glubb-Blog\",\"isPartOf\":{\"@id\":\"https:\/\/www.n-town.de\/glubbblog\/#website\"},\"primaryImageOfPage\":{\"@id\":\"https:\/\/www.n-town.de\/glubbblog\/index.php\/wm2006-in-nuernberg#primaryimage\"},\"datePublished\":\"2007-03-15T11:55:48+00:00\",\"dateModified\":\"2018-05-16T14:06:28+00:00\",\"breadcrumb\":{\"@id\":\"https:\/\/www.n-town.de\/glubbblog\/index.php\/wm2006-in-nuernberg#breadcrumb\"},\"inLanguage\":\"de\",\"potentialAction\":[{\"@type\":\"ReadAction\",\"target\":[\"https:\/\/www.n-town.de\/glubbblog\/index.php\/wm2006-in-nuernberg\"]}]},{\"@type\":\"BreadcrumbList\",\"@id\":\"https:\/\/www.n-town.de\/glubbblog\/index.php\/wm2006-in-nuernberg#breadcrumb\",\"itemListElement\":[{\"@type\":\"ListItem\",\"position\":1,\"name\":\"Home\",\"item\":\"https:\/\/www.n-town.de\/glubbblog\"},{\"@type\":\"ListItem\",\"position\":2,\"name\":\"WM2006 in N\u00fcrnberg\"}]}]}<\/script>\n<!-- \/ Yoast SEO plugin. -->","yoast_head_json":{"title":"WM2006 in N\u00fcrnberg - Glubb-Blog","robots":{"index":"index","follow":"follow","max-snippet":"max-snippet:-1","max-image-preview":"max-image-preview:large","max-video-preview":"max-video-preview:-1"},"canonical":"https:\/\/www.n-town.de\/glubbblog\/index.php\/wm2006-in-nuernberg","og_locale":"de_DE","og_type":"article","og_title":"WM2006 in N\u00fcrnberg - Glubb-Blog","og_description":"Die Welt zu Gast in N\u00fcrnberg! WM-Spielort 2006 in N\u00fcrnberg: Das Frankenstadion (von Bastian Nowotny www.euroheli.de) 25.06.06 by Simone Bauer Holland &#8211; Portugal 25.06.06 by Andy Brandl Holland &#8211; Portugal 24.06.06 by Simone Bauer Deutschland &#8211; Schweden 24.06.06 by Andy Brandl Deutschland &#8211; Schweden 22.06.06 by Andy Brandl Ghana &#8211; USA Live im Frankenstadion 22.06.06 [&hellip;]","og_url":"https:\/\/www.n-town.de\/glubbblog\/index.php\/wm2006-in-nuernberg","og_site_name":"Glubb-Blog","article_publisher":"https:\/\/www.facebook.com\/glubbblog","article_modified_time":"2018-05-16T14:06:28+00:00","og_image":[{"url":"https:\/\/www.n-town.de\/Frankenstadion.jpg"}],"twitter_card":"summary","twitter_site":"@glubb_blog_de","twitter_misc":{"Gesch\u00e4tzte Lesezeit":"1\u00a0Minute"},"schema":{"@context":"https:\/\/schema.org","@graph":[{"@type":"WebSite","@id":"https:\/\/www.n-town.de\/glubbblog\/#website","url":"https:\/\/www.n-town.de\/glubbblog\/","name":"Glubb-Blog","description":"Clubfans bei FCN-Ausw\u00e4rtsfahrten und Groundhopping","potentialAction":[{"@type":"SearchAction","target":{"@type":"EntryPoint","urlTemplate":"https:\/\/www.n-town.de\/glubbblog\/?s={search_term_string}"},"query-input":"required name=search_term_string"}],"inLanguage":"de"},{"@type":"ImageObject","@id":"https:\/\/www.n-town.de\/glubbblog\/index.php\/wm2006-in-nuernberg#primaryimage","inLanguage":"de","url":"https:\/\/www.n-town.de\/Frankenstadion.jpg","contentUrl":"https:\/\/www.n-town.de\/Frankenstadion.jpg"},{"@type":"WebPage","@id":"https:\/\/www.n-town.de\/glubbblog\/index.php\/wm2006-in-nuernberg#webpage","url":"https:\/\/www.n-town.de\/glubbblog\/index.php\/wm2006-in-nuernberg","name":"WM2006 in N\u00fcrnberg - Glubb-Blog","isPartOf":{"@id":"https:\/\/www.n-town.de\/glubbblog\/#website"},"primaryImageOfPage":{"@id":"https:\/\/www.n-town.de\/glubbblog\/index.php\/wm2006-in-nuernberg#primaryimage"},"datePublished":"2007-03-15T11:55:48+00:00","dateModified":"2018-05-16T14:06:28+00:00","breadcrumb":{"@id":"https:\/\/www.n-town.de\/glubbblog\/index.php\/wm2006-in-nuernberg#breadcrumb"},"inLanguage":"de","potentialAction":[{"@type":"ReadAction","target":["https:\/\/www.n-town.de\/glubbblog\/index.php\/wm2006-in-nuernberg"]}]},{"@type":"BreadcrumbList","@id":"https:\/\/www.n-town.de\/glubbblog\/index.php\/wm2006-in-nuernberg#breadcrumb","itemListElement":[{"@type":"ListItem","position":1,"name":"Home","item":"https:\/\/www.n-town.de\/glubbblog"},{"@type":"ListItem","position":2,"name":"WM2006 in N\u00fcrnberg"}]}]}},"_links":{"self":[{"href":"https:\/\/www.n-town.de\/glubbblog\/index.php\/wp-json\/wp\/v2\/pages\/4"}],"collection":[{"href":"https:\/\/www.n-town.de\/glubbblog\/index.php\/wp-json\/wp\/v2\/pages"}],"about":[{"href":"https:\/\/www.n-town.de\/glubbblog\/index.php\/wp-json\/wp\/v2\/types\/page"}],"author":[{"embeddable":true,"href":"https:\/\/www.n-town.de\/glubbblog\/index.php\/wp-json\/wp\/v2\/users\/4"}],"replies":[{"embeddable":true,"href":"https:\/\/www.n-town.de\/glubbblog\/index.php\/wp-json\/wp\/v2\/comments?post=4"}],"version-history":[{"count":2,"href":"https:\/\/www.n-town.de\/glubbblog\/index.php\/wp-json\/wp\/v2\/pages\/4\/revisions"}],"predecessor-version":[{"id":8815,"href":"https:\/\/www.n-town.de\/glubbblog\/index.php\/wp-json\/wp\/v2\/pages\/4\/revisions\/8815"}],"wp:attachment":[{"href":"https:\/\/www.n-town.de\/glubbblog\/index.php\/wp-json\/wp\/v2\/media?parent=4"}],"curies":[{"name":"wp","href":"https:\/\/api.w.org\/{rel}","templated":true}]}}